st common divisor of 399 and 54551?
7
What is the highest common factor of 56416 and 574?
82
Calculate the greatest common factor of 264768 and 504.
168
Calculate the highest common factor of 38599 and 29.
29
Calculate the highest common factor of 218210 and 10.
10
Calculate the highest common factor of 1501888 and 403.
31
What is the greatest common factor of 3133 and 19039?
241
Calculate the greatest common divisor of 769064 and 383.
383
What is the greatest common factor of 121841 and 89?
89
Calculate the highest common divisor of 55 and 1565.
5
What is the highest common factor of 2652 and 12648?
204
Calculate the highest common factor of 6554 and 94016.
226
Calculate the greatest common divisor of 10 and 54410.
10
Calculate the greatest common divisor of 77200 and 320.
80
What is the greatest common divisor of 3846 and 818557?
641
Calculate the highest common divisor of 2 and 601490.
2
What is the greatest common factor of 48872 and 26240?
328
What is the highest common factor of 658 and 103024?
94
Calculate the greatest common factor of 174085 and 74.
37
What is the highest common factor of 3390 and 2010?
30
What is the highest common factor of 351 and 6048?
27
What is the greatest common factor of 57513 and 33?
3
What is the greatest common divisor of 10752 and 3024?
336
Calculate the greatest common divisor of 1917 and 1532322.
639
What is the greatest common factor of 506185 and 335?
335
What is the greatest common divisor of 30836 and 13?
13
Calculate the highest common divisor of 84 and 1644.
12
Calculate the highest common factor of 5640 and 24252.
564
What is the highest common factor of 102940 and 20?
20
Calculate the greatest common divisor of 751622 and 58.
58
What is the greatest common factor of 1216 and 7258?
38
Calculate the greatest common factor of 71643 and 7849.
167
What is the highest common divisor of 18088 and 24016?
152
Calculate the highest common factor of 1176 and 1911.
147
What is the greatest common factor of 4680 and 33080?
40
What is the highest common divisor of 32581 and 58856?
1051
Calculate the greatest common factor of 2020 and 67780.
20
What is the highest common factor of 75 and 361400?
25
Calculate the greatest common divisor of 1261 and 2470.
13
What is the highest common divisor of 189 and 14985?
27
Calculate the highest common factor of 1180 and 3580.
20
What is the greatest common factor of 334012 and 158?
158
What is the greatest common factor of 371 and 6731?
53
What is the highest common factor of 577 and 1163809?
577
What is the greatest common factor of 50 and 4475?
25
What is the highest common factor of 96 and 2648?
8
Calculate the greatest common factor of 265 and 5745995.
265
What is the greatest common divisor of 1701845 and 5?
5
What is the highest common factor of 72 and 13768?
8
Calculate the highest common factor of 348 and 6036.
12
What is the highest common factor of 582 and 91083?
291
Calculate the greatest common factor of 40733 and 88.
11
What is the greatest common divisor of 279631 and 1694?
121
What is the highest common divisor of 164819 and 1161?
43
Calculate the highest common divisor of 7 and 3277736.
7
Calculate the highest common divisor of 218 and 684193.
109
Calculate the greatest common divisor of 1572 and 1398.
6
What is the highest common factor of 137427 and 57?
57
Calculate the greatest common divisor of 14 and 114402.
2
What is the greatest common divisor of 69 and 73554?
69
What is the highest common divisor of 16426 and 26167?
191
Calculate the highest common divisor of 4611 and 4929.
159
Calculate the highest common factor of 4264 and 12064.
104
Calculate the greatest common divisor of 17 and 4777.
17
What is the greatest common divisor of 41 and 407?
1
What is the greatest common divisor of 915 and 2235?
15
Calculate the highest common factor of 6754748 and 1687.
1687
Calculate the greatest common divisor of 40 and 151880.
40
What is the highest common factor of 130 and 100906?
26
Calculate the greatest common factor of 15341 and 161.
23
What is the greatest common factor of 1749910 and 110?
10
What is the greatest common divisor of 215310 and 15?
15
Calculate the greatest common divisor of 400 and 710000.
400
What is the highest common divisor of 5032 and 136?
136
Calculate the greatest common factor of 12476 and 4.
4
Calculate the highest common factor of 23025 and 3975.
75
What is the greatest common divisor of 8 and 23056?
8
Calculate the highest common factor of 231 and 231868.
7
What is the highest common factor of 54 and 251154?
54
What is the highest common divisor of 1182061 and 1054?
527
Calculate the highest common divisor of 243 and 1917.
27
What is the greatest common divisor of 1703 and 2509?
13
What is the greatest common divisor of 685 and 581291?
137
What is the highest common factor of 28435 and 22?
11
What is the greatest common factor of 98 and 54915?
7
Calculate the highest common divisor of 30 and 44680.
10
Calculate the greatest common factor of 226116 and 88.
44
What is the highest common factor of 1226230 and 940?
470
Calculate the highest common divisor of 16534 and 35.
7
What is the greatest common divisor of 6630 and 314330?
170
What is the highest common factor of 438727 and 7831?
191
Calculate the greatest common divisor of 2030826 and 84.
42
What is the highest common factor of 13 and 6305?
13
Calculate the highest common divisor of 5182352 and 112.
112
Calculate the highest common divisor of 105436 and 172.
172
Calculate the greatest common factor of 7546 and 2338.
14
Calculate the greatest common factor of 2 and 82958.
2
What is the highest common factor of 108436 and 64?
4
Calculate the greatest common factor of 59257 and 11.
11
Calculate the greatest common factor of 451308 and 9438.
858
What is the greatest common factor of 1590069 and 117?
39
What is the highest common divisor of 93 and 155093?
31
Calculate the highest common factor of 2146 and 162023.
1073
What is the highest common divisor of 30960 and 17630?
430
What is the greatest common divisor of 3804 and 408?
12
Calculate the greatest common divisor of 325 and 171067.
13
Calculate the highest common factor of 34092 and 14004.
36
What is the highest common factor of 100 and 11548?
4
What is the highest common factor of 1334604 and 12?
12
Calculate the greatest common divisor of 51008 and 12.
4
What is the highest common divisor of 1197 and 971793?
171
What is the highest common divisor of 12 and 385506?
6
What is the highest common factor of 276 and 24348?
12
Calculate the greatest common divisor of 18 and 39726.
18
Calculate the highest common divisor of 5585 and 736103.
1117
What is the greatest common factor of 12 and 5486076?
12
Calculate the highest common factor of 4840 and 11880.
440
Calculate the greatest common divisor of 2 and 47714.
2
What is the highest common factor of 48640 and 6720?
320
What is the greatest common factor of 66 and 248754?
66
What is the greatest common divisor of 655 and 274445?
655
What is the highest common factor of 4221 and 603?
603
What is the greatest common divisor of 115934 and 1372?
686
Calculate the highest common factor of 63 and 1452129.
21
What is the greatest common factor of 4156973 and 823?
823
What is the greatest common factor of 2039 and 157?
1
What is the greatest common divisor of 2756 and 12636?
52
Calculate the highest common factor of 1419 and 3113.
11
What is the greatest common divisor of 161760 and 960?
480
What is the highest common divisor of 147840 and 5460?
420
Calculate the greatest common factor of 293731 and 1673.
239
Calculate the highest common factor of 154 and 53328.
22
What is the greatest common factor of 17 and 141?
1
What is the greatest common divisor of 3028 and 1436?
4
What is the highest common divisor of 112 and 304?
16
What is the greatest common divisor of 149413 and 5593?
799
Calculate the greatest common factor of 1034 and 526823.
517
What is the highest common divisor of 363 and 33209?
11
Calculate the highest common divisor of 100 and 9460.
20
What is the highest common factor of 120393 and 15687?
189
Calculate the greatest common factor of 4 and 270638.
2
What is the highest common factor of 15087 and 95016?
321
Calculate the greatest common divisor of 49 and 174489.
49
Calcu